e hundred millions digit of 285613385?
2
What is the thousands digit of 2012074773?
4
What is the tens digit of 66016009?
0
What is the thousands digit of 283112071?
2
What is the units digit of 797965895?
5
What is the units digit of 28241470?
0
What is the hundred millions digit of 5935391136?
9
What is the hundred thousands digit of 149546710?
5
What is the hundreds digit of 60221811?
8
What is the tens digit of 212161638?
3
What is the millions digit of 285105514?
5
What is the units digit of 14256059?
9
What is the ten thousands digit of 1378044806?
4
What is the hundred thousands digit of 125001102?
0
What is the millions digit of 65462642?
5
What is the tens digit of 5909977?
7
What is the hundred thousands digit of 206268405?
2
What is the ten thousands digit of 288337505?
3
What is the ten thousands digit of 1119651290?
5
What is the thousands digit of 33642043?
2
What is the millions digit of 545240390?
5
What is the hundred millions digit of 109480249?
1
What is the ten millions digit of 128347634?
2
What is the hundred thousands digit of 86863518?
8
What is the hundred millions digit of 5663806370?
6
What is the thousands digit of 97910879?
0
What is the tens digit of 316136945?
4
What is the hundred thousands digit of 595995239?
9
What is the hundred thousands digit of 535079?
5
What is the units digit of 1001535882?
2
What is the hundreds digit of 1218171748?
7
What is the millions digit of 109679088?
9
What is the tens digit of 1566191172?
7
What is the millions digit of 7427081321?
7
What is the ten millions digit of 5171423610?
7
What is the thousands digit of 460481570?
1
What is the ten millions digit of 27337498?
2
What is the hundreds digit of 1150137?
1
What is the hundreds digit of 1197244654?
6
What is the ten millions digit of 78286779?
7
What is the ten thousands digit of 8537669?
3
What is the thousands digit of 85595258?
5
What is the hundreds digit of 1648814184?
1
What is the ten millions digit of 729783683?
2
What is the thousands digit of 25155117?
5
What is the tens digit of 126387814?
1
What is the millions digit of 69014227?
9
What is the millions digit of 78102837?
8
What is the thousands digit of 185871693?
1
What is the millions digit of 107819581?
7
What is the hundreds digit of 33206080?
0
What is the thousands digit of 1546745184?
5
What is the units digit of 2599748215?
5
What is the units digit of 89800802?
2
What is the millions digit of 3126486310?
6
What is the ten millions digit of 3771753516?
7
What is the millions digit of 56771470?
6
What is the thousands digit of 58713593?
3
What is the millions digit of 53430736?
3
What is the ten millions digit of 1363820204?
6
What is the ten millions digit of 871830519?
7
What is the ten thousands digit of 682148290?
4
What is the thousands digit of 15306431?
6
What is the tens digit of 81098624?
2
What is the units digit of 955790958?
8
What is the ten millions digit of 2563267395?
6
What is the hundred thousands digit of 636478360?
4
What is the hundreds digit of 67172981?
9
What is the hundred thousands digit of 104743760?
7
What is the units digit of 330519298?
8
What is the units digit of 132635551?
1
What is the ten millions digit of 107608262?
0
What is the ten millions digit of 372368734?
7
What is the hundred millions digit of 308335388?
3
What is the hundred millions digit of 290130246?
2
What is the millions digit of 1257842826?
7
What is the millions digit of 117944220?
7
What is the thousands digit of 24121690?
1
What is the thousands digit of 2269544337?
4
What is the ten thousands digit of 15319436?
1
What is the thousands digit of 77295271?
5
What is the hundred millions digit of 751386256?
7
What is the hundreds digit of 862623400?
4
What is the hundreds digit of 52480332?
3
What is the thousands digit of 1460594956?
4
What is the thousands digit of 147498023?
8
What is the hundred thousands digit of 10252278?
2
What is the hundreds digit of 25821806?
8
What is the units digit of 562800202?
2
What is the thousands digit of 7379722?
9
What is the hundred millions digit of 127412861?
1
What is the billions digit of 2456354850?
2
What is the units digit of 96683722?
2
What is the thousands digit of 2665555632?
5
What is the millions digit of 3819860803?
9
What is the hundreds digit of 31011702?
7
What is the ten thousands digit of 1012108?
1
What is the millions digit of 449834231?
9
What is the tens digit of 355865098?
9
What is the thousands digit of 320167322?
7
What is the ten millions digit of 102865645?
0
What is the ten thousands digit of 1160984381?
8
What is the ten millions digit of 170981653?
7
What is the ten millions digit of 565101183?
6
What is the millions digit of 113102400?
3
What is the ten thousands digit of 651052971?
5
What is the millions digit of 112844886?
2
What is the tens digit of 149832212?
1
What is the hundred thousands digit of 131597514?
5
What is the millions digit of 92659030?
2
What is the ten millions digit of 70537150?
7
What is the ten millions digit of 1324193394?
2
What is the hundreds digit of 78490560?
5
What is the hundred thousands digit of 211119989?
1
What is the hundred millions digit of 921620943?
9
What is the tens digit of 471260230?
3
What is the ten thousands digit of 163866491?
6
What is the hundred thousands digit of 215269470?
2
What is the units digit of 420692742?
2
What is the tens digit of 25646345?
4
What is the ten millions digit of 636781849?
3
What is the millions digit of 33346216?
3
What is the units digit of 26210500?
0
What is the ten thousands digit of 1552323648?
2
What is the ten thousands digit of 2709340327?
4
What is the ten millions digit of 106339140?
0
What is the tens digit of 649308353?
5
What is the ten millions digit of 81963537?
8
What is the hundreds digit of 234729817?
8
What is the thousands digit of 3549887050?
7
What is the ten millions digit of 4022563450?
2
What is the hundreds digit of 88020045?
0
What is the ten thousands digit of 33991322?
9
What is the hundred millions digit of 266630775?
2
What is the hundreds digit of 64869424?
4
What is the hundred millions digit of 4438946468?
4
What is the billions digit of 1123316894?
1
What is the millions digit of 29740824?
9
What is the tens digit of 19471808?
0
What is the tens digit of 19057463?
6
What is the tens digit of 110550078?
7
What is the ten thousands digit of 30026835?
2
What is the units digit of 8374182?
2
What is the hundred thousands digit of 96535283?
5
What is the tens digit of 11239430?
3
What is the ten thousands digit of 29399940?
9
What is the hundred millions digit of 519892118?
5
What is the tens digit of 6132361264?
6
What is the units digit of 810924015?
5
What is the thousands digit of 103293866?
3
What is the tens digit of 87373999?
9
What is the hundreds digit of 673787201?
2
What is the ten millions digit of 2337105150?
3
What is the thousands digit of 455333956?
3
What is the units digit of 19340703?
3
What is the hundreds digit of 124185921?
9
What is the hundred thousands digit of 5200874?
2
What is the ten thousands digit of 1744698933?
9
What is the ten thousands digit of 27269361?
6
What is the hundreds digit of 59708264?
2
What is the hundred thousands digit of 242394727?
3
What is the tens digit of 42552174?
7
What is the millions digit of 1299861532?
9
What is the ten millions digit of 79105723?
7
What is the hundred millions digit of 8466215396?
4
What is the hundred millions digit of 870031786?
8
What is the millions digit of 7379645475?
9
What is the tens digit of 44011473?
7
What is the thousands digit of 46297696?
7
What is the units digit of 79322737?
7
What is the hundreds digit of 65025715?
7
What is the tens digit of 69739923?
2
What is the units digit of 42746147?
7
What is the ten thousands digit of 2875233981?
3
What is the hundred thousands digit of 588954153?
9
What is the thousands digit of 17927447?
7
What is the tens digit of 163302017?
1
What is the ten millions digit of 71842375?
7
What is the tens digit of 89845552?
5
What is the hundred millions digit of 156697909?
1
What is the units digit of 129498719?
9
What is the ten millions digit of 111910935?
1
What is the ten millions digit of 166768519?
6
What is the millions digit of 1406618295?
6
Wh